base 3) to base 12.
2
Convert -3 (base 13) to base 15.
-3
-5 (base 11) to base 13
-5
72 (base 9) to base 16
41
What is -4 (base 6) in base 5?
-4
-25 (base 10) to base 6
-41
What is 38 (base 14) in base 7?
101
Convert 212 (base 3) to base 8.
27
Convert 54 (base 7) to base 4.
213
What is -114 (base 6) in base 5?
-141
What is 154 (base 14) in base 13?
17a
Convert -7 (base 11) to base 9.
-7
Convert 32 (base 4) to base 3.
112
Convert -1122 (base 3) to base 6.
-112
What is -82 (base 14) in base 7?
-222
Convert 6 (base 13) to base 12.
6
Convert 18 (base 11) to base 4.
103
Convert -532 (base 7) to base 16.
-10c
39 (base 13) to base 12
40
Convert 2124 (base 5) to base 9.
351
Convert 103 (base 4) to base 13.
16
0 (base 2) to base 12
0
3 (base 4) to base 12
3
Convert -25 (base 10) to base 15.
-1a
39 (base 10) to base 3
1110
What is -1a (base 12) in base 11?
-20
What is 1 (base 12) in base 3?
1
What is -11 (base 8) in base 15?
-9
Convert 2 (base 12) to base 3.
2
Convert -24 (base 15) to base 9.
-37
What is -4 (base 9) in base 3?
-11
What is -72 (base 13) in base 15?
-63
-39 (base 15) to base 14
-3c
What is 2 (base 16) in base 6?
2
20 (base 9) to base 10
18
What is 8 (base 14) in base 2?
1000
What is 4 (base 16) in base 7?
4
Convert ba (base 15) to base 9.
214
What is -9 (base 14) in base 7?
-12
2 (base 14) to base 9
2
534 (base 7) to base 3
101000
What is -28 (base 11) in base 12?
-26
-514 (base 7) to base 9
-314
-2 (base 15) to base 2
-10
Convert -414 (base 5) to base 7.
-214
What is 26a (base 11) in base 10?
318
What is -161 (base 14) in base 12?
-1b5
What is 3 (base 6) in base 5?
3
-1 (base 4) to base 3
-1
What is 4 (base 14) in base 13?
4
Convert -80 (base 15) to base 4.
-1320
5 (base 12) to base 16
5
Convert 211 (base 3) to base 15.
17
Convert -5b (base 13) to base 6.
-204
Convert 0 (base 15) to base 11.
0
What is -1 (base 9) in base 10?
-1
Convert -4 (base 13) to base 2.
-100
Convert -430 (base 5) to base 13.
-8b
6b (base 13) to base 5
324
Convert -56 (base 8) to base 16.
-2e
What is 2 (base 6) in base 4?
2
-3 (base 16) to base 15
-3
Convert 10100 (base 3) to base 5.
330
11 (base 5) to base 7
6
Convert 29 (base 13) to base 10.
35
-2 (base 4) to base 2
-10
-10 (base 3) to base 9
-3
97 (base 11) to base 12
8a
What is -2 (base 14) in base 3?
-2
Convert -321 (base 4) to base 9.
-63
Convert -3b (base 12) to base 11.
-43
Convert 1 (base 3) to base 16.
1
Convert 51 (base 14) to base 9.
78
-11010 (base 2) to base 3
-222
Convert 25 (base 8) to base 16.
15
Convert 1 (base 11) to base 13.
1
Convert -3 (base 7) to base 10.
-3
Convert -44 (base 9) to base 8.
-50
3 (base 11) to base 14
3
What is -41 (base 14) in base 8?
-71
What is -3 (base 10) in base 13?
-3
3 (base 16) to base 15
3
-31 (base 7) to base 12
-1a
Convert 3 (base 12) to base 14.
3
Convert -4 (base 10) to base 8.
-4
What is 412 (base 5) in base 15?
72
Convert 3 (base 5) to base 14.
3
Convert -5 (base 8) to base 3.
-12
-42 (base 10) to base 16
-2a
Convert 57 (base 15) to base 2.
1010010
What is 12 (base 6) in base 15?
8
Convert 8 (base 16) to base 4.
20
Convert -3 (base 9) to base 10.
-3
What is -5 (base 6) in base 16?
-5
What is 15 (base 9) in base 8?
16
210 (base 3) to base 13
18
-202 (base 3) to base 4
-110
-a5 (base 15) to base 4
-2123
-13 (base 10) to base 4
-31
Convert e (base 16) to base 7.
20
101 (base 4) to base 12
15
Convert -32 (base 6) to base 11.
-19
Convert -6 (base 13) to base 3.
-20
Convert 4 (base 10) to base 15.
4
43 (base 6) to base 16
1b
What is -11 (base 2) in base 16?
-3
What is 2 (base 12) in base 7?
2
Convert -20 (base 4) to base 9.
-8
What is 101 (base 5) in base 11?
24
Convert 7 (base 9) to base 7.
10
What is -3 (base 6) in base 7?
-3
What is 200 (base 3) in base 4?
102
Convert 3e (base 15) to base 7.
113
132 (base 6) to base 16
38
Convert -102 (base 6) to base 8.
-46
What is -8 (base 16) in base 5?
-13
3 (base 12) to base 13
3
6 (base 11) to base 5
11
What is -10 (base 3) in base 11?
-3
What is -2 (base 14) in base 16?
-2
7 (base 9) to base 15
7
Convert 5 (base 8) to base 11.
5
-14 (base 8) to base 16
-c
35 (base 13) to base 9
48
Convert 3 (base 12) to base 16.
3
Convert -20 (base 3) to base 8.
-6
What is 3 (base 15) in base 4?
3
What is 1 (base 5) in base 11?
1
Convert 1 (base 13) to base 14.
1
What is -1 (base 10) in base 8?
-1
Convert -28 (base 10) to base 16.
-1c
Convert 3 (base 15) to base 4.
3
What is -28 (base 9) in base 6?
-42
15 (base 14) to base 10
19
88 (base 16) to base 9
161
What is -38 (base 16) in base 15?
-3b
What is 1001 (base 2) in base 5?
14
-4 (base 7) to base 3
-11
What is -12 (base 7) in base 3?
-100
Convert -47 (base 12) to base 15.
-3a
Convert -20 (base 4) to base 11.
-8
Convert 5 (base 14) to base 12.
5
10111 (base 2) to base 3
212
What is -1 (base 4) in base 15?
-1
Convert 1 (base 7) to base 4.
1
-401 (base 5) to base 13
-7a
-122 (base 7) to base 5
-230
Convert -14 (base 10) to base 12.
-12
What is 2 (base 9) in base 10?
2
What is 147 (base 10) in base 5?
1042
What is -11 (base 3) in base 12?
-4
Convert -18 (base 13) to base 8.
-25
3 (base 6) to base 15
3
What is 14 (base 10) in base 4?
32
What is -1403 (base 5) in base 4?
-3210
-300 (base 4) to base 12
-40
23 (base 8) to base 11
18
Convert 5 (base 11) to base 14.
5
Convert 1444 (base 6) to base 8.
604
410 (base 9) to base 15
173
Convert 24 (base 7) to base 2.
10010
What is -11 (base 7) in base 3?
-22
What is 48 (base 10) in base 11?
44
What is -308 (base 9) in base 4?
-3323
Convert -50 (base 9) to base 2.
-101101
What is 3 (base 13) in base 2?
11
-4 (base 5) to base 15
-4
What is 137 (base 13) in base 4?
3113
What is 216 (base 7) in base 8?
157
0 (base 12) to base 16
0
Convert -42 (base 15) to base 8.
-76
-16b (base 16) to base 2
-101101011
-c (base 15) to base 13
-c
What is 101 (base 2) in base 14?
5
What is -20 (base 7) in base 16?
-e
Convert -20 (base 4) to base 6.
-12
What is -10 (base 2) in base 3?
-2
-5 (base 12) to base 7
-5
What is 101110 (base 2) in base 9?
51
-2 (base 12) to base 9
-2
10110 (base 3) to base 10
93
141 (base 12) to base 7
364
Convert -42 (base 7) to base 14.
-22
Convert 1 (base 4) to base 5.
1
What is -3 (base 10) in base 6?
-3
14 (base 8) to base 16
c
-30 (base 4) to base 10
-12
Convert -120 (base 5) to base 15.
-25
Convert -2a (base 13) to base 3.
-1100
Convert -11111101 (base 2) to base 9.
-311
Convert 0 (base 3) to base 16.
0
Convert 553 (base 6) to base 8.
325
Convert -1 (base 12) to base 3.
-1
Convert 1110 (base 2) to base 16.
e
What is -35 (base 8) in base 4?
-131
10 (base 4) to base 9
4
4 (base 5) to base 16
4
10 (base 13) to base 12
11
Convert -13 (base 6) to base 4.
-21
What is -41 (base 5) in base 4?
-111
112 (base 5) to base 10
32
Convert -15 (base 14) to base 7.
-25
What is 22 (base 6) in base 12?
12
What is 1b (base 13) in base 5?
44
What is 33 (base 4) in base 13?
12
Convert -17 (base 11) to base 5.
-33
What is -14 (base 6) in base 13?
-a
What is 5 (base 14) in base 16?
5
Convert -7 (base 8) to base 14.
-7
68 (base 16) to base 9
125
What is 6 (base 15) in base 4?
12
What is 1000 (base 2) in base 9?
8
1 (base 11) to base 10
1
-9 (base 10) to base 5
-14
Convert 0 (base 10) to base 6.
0
35 (base 9) to base 15
22
12 (base 7) to base 16
9
What is 2 (base 15) in base 11?
2
What is 130 (base 6) in base 10?
54
-5 (base 7) to base 9
-5
What is -c (base 16) in base 10?
-12
Convert -9c (base 16) to base 5.
-1111
-129 (base 11) to base 4
-2120
-26 (base 10) to base 13
-20
-2 (base 6) to base 8
-2
What is -10100101 (base 2) in base 6?
-433
94 (base 14) to base 8
202
What is b (base 15) in base 4?
23
What is 5 (base 8) in base 4?
11
What is -82 (base 10) in base 16?
-52
8 (base 13) to base 16
8
What is -1 (base 10) in base 15?
-1
What is 10001111 (base 2) in base 5?
1033
4 (base 5) to base 13
4
What is -6 (base 11) in base 14?
-6
-130 (base 15) to base 9
-330
Convert 135 (base 6) to base 11.
54
Convert -1 (base 16) to base 12.
-1
Convert -1 (base 4) to base 6.
-1
Convert -2 (base 9) to base 8.
-2
Convert -212 (base 3) to base 14.
-19
What is -27 (base 10) in base 16?
-1b
Convert -29 (base 10) to base 7.
-41
-1100 (base 2) to base 13
-c
Convert -5 (base 13) to base 14.
-5
What is 13a (base 13) in base 4?
3122
Convert -3 (base 13) to base 5.
-3
What is -1 (base 5) in ba